eatest common divisor of 1155 and 4059?
33
What is the greatest common divisor of 175842 and 1008?
18
Calculate the highest common factor of 1114787 and 3496.
437
Calculate the greatest common factor of 1120 and 42455.
35
What is the greatest common factor of 44248 and 24?
8
What is the greatest common divisor of 191346 and 6?
6
What is the highest common factor of 365 and 66065?
365
Calculate the highest common factor of 198 and 25234.
22
Calculate the highest common factor of 1637591 and 7505.
1501
What is the highest common divisor of 29328 and 949?
13
What is the highest common divisor of 2731712 and 8?
8
Calculate the highest common divisor of 5498 and 194.
2
What is the greatest common factor of 8074 and 451?
11
Calculate the greatest common divisor of 63777 and 63.
21
Calculate the greatest common divisor of 176 and 409.
1
Calculate the highest common divisor of 273 and 77154.
21
What is the highest common factor of 16 and 3967952?
16
Calculate the greatest common divisor of 55 and 13495.
5
What is the highest common divisor of 1388 and 4232012?
1388
Calculate the greatest common divisor of 1220 and 9820.
20
Calculate the highest common factor of 4 and 9566.
2
Calculate the highest common divisor of 98 and 199577.
49
Calculate the highest common factor of 2985 and 12.
3
Calculate the highest common factor of 310 and 4898.
62
What is the highest common divisor of 7938 and 8586?
162
What is the highest common factor of 1472 and 1058?
46
Calculate the highest common divisor of 42 and 55041.
21
Calculate the greatest common factor of 694 and 436873.
347
Calculate the highest common factor of 6493 and 43.
43
Calculate the greatest common divisor of 35000 and 14175.
175
Calculate the greatest common factor of 54 and 463662.
18
Calculate the greatest common divisor of 424656 and 648.
216
What is the greatest common divisor of 124380 and 39?
3
What is the greatest common factor of 136496 and 896?
16
Calculate the greatest common factor of 66 and 476817.
33
What is the greatest common divisor of 11859675 and 150?
75
What is the greatest common divisor of 3764528 and 592?
592
What is the greatest common factor of 1917 and 355?
71
What is the highest common divisor of 49364 and 274372?
1148
Calculate the highest common factor of 112743 and 243.
9
Calculate the highest common factor of 82415 and 159.
53
Calculate the highest common factor of 12384 and 2016.
288
Calculate the greatest common factor of 1875 and 121500.
375
Calculate the highest common divisor of 3321994 and 52.
26
What is the highest common factor of 1249871 and 4089?
1363
What is the greatest common divisor of 123 and 3039?
3
Calculate the highest common factor of 12243 and 10812.
159
Calculate the highest common factor of 1199852 and 2.
2
What is the greatest common divisor of 404 and 35249?
101
Calculate the greatest common factor of 3674 and 43754.
334
Calculate the greatest common divisor of 6405 and 525.
105
What is the highest common factor of 90933 and 102?
51
Calculate the greatest common factor of 1565837 and 91.
91
What is the highest common factor of 4851 and 243?
9
What is the highest common divisor of 336928 and 80?
16
What is the highest common divisor of 20 and 2124040?
20
Calculate the greatest common divisor of 285743 and 316.
79
What is the greatest common divisor of 484 and 22726?
22
Calculate the highest common divisor of 38 and 116.
2
What is the highest common factor of 102368 and 119?
7
What is the highest common factor of 260379 and 63?
63
Calculate the highest common divisor of 365750 and 836.
418
What is the highest common divisor of 405 and 18930?
15
Calculate the greatest common divisor of 405 and 2150.
5
Calculate the greatest common factor of 21811 and 153.
17
Calculate the greatest common factor of 8060 and 961.
31
Calculate the highest common divisor of 30012 and 96.
12
What is the highest common divisor of 21204 and 725724?
684
Calculate the highest common divisor of 1886922 and 54.
54
What is the highest common divisor of 147033 and 99?
9
Calculate the greatest common factor of 9580 and 2970.
10
Calculate the greatest common divisor of 65530 and 10.
10
What is the highest common divisor of 120228 and 120?
12
What is the greatest common divisor of 16448 and 31097?
257
What is the greatest common divisor of 134224 and 488?
8
Calculate the highest common divisor of 602 and 2335158.
602
Calculate the highest common divisor of 8069985 and 274.
137
What is the highest common divisor of 84616 and 7?
7
What is the greatest common factor of 30 and 40122?
6
Calculate the highest common factor of 64 and 22024.
8
What is the highest common divisor of 50 and 593150?
50
What is the highest common factor of 66 and 3936141?
33
What is the greatest common factor of 1164 and 960?
12
What is the highest common factor of 97603 and 57?
19
What is the highest common divisor of 317 and 104927?
317
What is the highest common factor of 13115 and 3660?
305
Calculate the greatest common divisor of 2891988 and 327.
327
Calculate the highest common factor of 17 and 36601.
17
What is the highest common factor of 21 and 12769827?
21
What is the greatest common factor of 26208 and 403?
13
Calculate the greatest common factor of 25795 and 201.
67
What is the greatest common divisor of 2185 and 1840?
115
Calculate the greatest common divisor of 33 and 15598.
11
Calculate the greatest common factor of 2844 and 3204.
36
Calculate the greatest common divisor of 2097732 and 182.
182
Calculate the highest common divisor of 320731 and 13785.
919
Calculate the highest common factor of 8000 and 4360.
40
Calculate the highest common factor of 324 and 6399.
81
What is the greatest common factor of 4522 and 350?
14
What is the greatest common divisor of 77380 and 86140?
1460
Calculate the greatest common factor of 22506411 and 219.
219
Calculate the greatest common factor of 2200 and 752.
8
Calculate the greatest common factor of 31906 and 4816.
602
What is the greatest common factor of 585398 and 118?
118
What is the greatest common factor of 195 and 22685?
65
Calculate the highest common divisor of 637 and 455.
91
What is the greatest common factor of 214 and 11301982?
214
Calculate the highest common factor of 28798 and 253011.
2057
Calculate the highest common divisor of 185 and 145151.
37
What is the highest common divisor of 3367 and 465608?
481
Calculate the highest common divisor of 1600 and 111800.
200
What is the highest common factor of 150747 and 34008?
327
What is the highest common divisor of 90 and 53838?
18
What is the greatest common factor of 50 and 1462900?
50
What is the greatest common factor of 581460 and 12?
12
Calculate the greatest common factor of 1768 and 93568.
136
Calculate the greatest common factor of 448970 and 340.
170
Calculate the greatest common factor of 45280 and 160.
160
What is the highest common divisor of 34 and 254?
2
What is the greatest common factor of 2614814 and 58?
58
Calculate the highest common factor of 1190372 and 4.
4
Calculate the greatest common divisor of 172253 and 1124.
281
Calculate the highest common divisor of 165 and 1127445.
165
What is the highest common factor of 3680 and 31832?
184
What is the greatest common factor of 9893 and 52?
13
What is the greatest common divisor of 660 and 3000?
60
What is the highest common factor of 322 and 2576?
322
What is the greatest common divisor of 2820 and 1335?
15
What is the greatest common divisor of 783028 and 76?
76
Calculate the highest common divisor of 3807 and 73179.
423
What is the highest common divisor of 164 and 48?
4
What is the highest common factor of 1672 and 1144?
88
Calculate the greatest common divisor of 9618 and 168.
42
What is the highest common divisor of 5798127 and 993?
993
Calculate the highest common divisor of 455 and 21203.
91
What is the greatest common factor of 2248674 and 1602?
534
Calculate the greatest common factor of 41753 and 4343.
43
What is the greatest common factor of 170847 and 9963?
369
Calculate the highest common divisor of 7035 and 10251.
201
Calculate the greatest common factor of 107520 and 42560.
2240
Calculate the greatest common divisor of 588 and 25044.
12
What is the greatest common factor of 357124 and 74?
74
Calculate the highest co